e factors of s.
2, 5
Suppose 0 = 10*r - 11585 - 6665. What are the prime factors of r?
5, 73
Suppose -4402 = -4*z + 5*n + 5550, -2*n = z - 2501. What are the prime factors of z?
3, 277
Let t = 7 - 0. Let h(b) = 3*b**3 + 7*b**2 + 23*b - 2. Let f(d) = -4*d**3 - 11*d**2 - 34*d + 3. Let x(u) = -5*f(u) - 7*h(u). List the prime factors of x(t).
13
Let x be (10/(-20))/(1/(-204)*2). Suppose 528 = 55*m - x*m. What are the prime factors of m?
2, 3, 11
Suppose 0 = -2*l - 0*l + 2*a + 46, 0 = -2*l - 4*a + 16. Let f = 23 - l. Suppose 0 = -3*z + f*z - 2*s - 92, -2*s + 128 = 3*z. List the prime factors of z.
2, 11
Let l(r) = 27*r**3 + 2*r**2 - 4*r - 1. List the prime factors of l(4).
3, 7, 83
List the prime factors of ((-9)/54 - 17/6) + 329.
2, 163
Let q be 0 + 15 - ((-6)/3 - 0). Suppose -q + 7 = -2*x. What are the prime factors of x?
5
Suppose -5*y = -2946 + 786. List the prime factors of y.
2, 3
Suppose -15 = -4*c + 1. Let l(z) = 3*z**2 + 10*z - 23. What are the prime factors of l(c)?
5, 13
Let c(r) = r**2 + r - 5. Let i be c(-4). Suppose 0 = -f - 3*u + 21, 5*f = 3*f - 3*u + 42. List the prime factors of (f/9)/(i/21).
7
Suppose k + 3*n + 6 = -n, 12 = -2*k + n. Let b be -2*12/8 - -2. List the prime factors of -3 + 1 + (b - k).
3
Suppose -9 = -3*l, -4*r + 3*l + 16 = -19. Suppose -r*w = -6*w - 10. Suppose -w*y + 12 + 24 = 0. What are the prime factors of y?
2, 3
Let o be ((-30)/25)/(8/(-20)). Let g = 66 + o. List the prime factors of g.
3, 23
Let t be 5 + (1 - (-9)/(-3)). Let p(u) = -49*u - t*u**2 + 0*u**2 + 51*u + 7 + u**3. List the prime factors of p(3).
13
Suppose 8*c = 10*c - 4. Suppose -3*p + 145 = c*p. List the prime factors of p.
29
Suppose -n + 25 = 4*i + 2*n, 4*i + 5*n - 31 = 0. Suppose 0*d + 16 = i*d. Suppose -d*j - 9 + 65 = 0. List the prime factors of j.
2, 7
Let y be (-128)/22 - (-2)/(-11). Let q = -3 - y. Suppose 3*a - 49 = a - q*l, -4*a + 4*l + 88 = 0. List the prime factors of a.
23
Suppose 4*h = -h - 415. Let o = h - -128. List the prime factors of o.
3, 5
Let h(i) = i**3 + 2*i**2 - 6*i - 5. Let l be h(-2). Suppose -9*c + l*c + 24 = 0. What are the prime factors of c?
2, 3
Let z = 1520 - -772. What are the prime factors of z?
2, 3, 191
Let l = -7400 + 10453. List the prime factors of l.
43, 71
Let z be 12/(-3) - (27 - -2). List the prime factors of 3 - (z - (-4 - -1)).
3, 11
Suppose -16 = -5*f - 4*x, -3*f = -4*x + 8*x - 8. Suppose 4 = 5*c - 6. List the prime factors of f/c + (-1 - -10).
11
Let i(f) = f**2 - 11*f + 2. Let c be i(12). Let j = c - 14. Suppose 5*q - 7*q + 34 = j. What are the prime factors of q?
17
List the prime factors of (-13)/((-260)/(-132) - 2).
3, 11, 13
Let k be -3*(-39)/(-6)*80/(-12). Suppose 8*a - 10*a = -k. List the prime factors of a.
5, 13
Let h(l) = -l + 5*l + l + 5 - 2*l. Let t be h(5). Suppose -4*w + 3*y + t = -3*w, -y - 100 = -5*w. List the prime factors of w.
2, 5
Let i(n) = -4*n - n**3 - 6 - 4*n**2 + 3*n + 3 - 2*n. What are the prime factors of i(-4)?
3
Let l(i) = 48*i + 3. Let b(m) = -m**3 + m**2 - m + 2. Let r be b(0). List the prime factors of l(r).
3, 11
Let k = -37 + 43. What are the prime factors of (105/k - 4)*4?
2, 3
List the prime factors of (30/(-4))/((-74)/47952).
2, 3, 5
What are the prime factors of 2/(-3 + (-3940)/(-1312))?
2, 41
Let x be (2/(-6))/(3/(-270)). What are the prime factors of (378/15)/(6/x)?
2, 3, 7
Let l = 745 + -207. What are the prime factors of l?
2, 269
Suppose 62756 = 31*p - 2*p. List the prime factors of p.
2, 541
Let n be ((-8)/(-6))/((-2)/(-3)). Let a(h) = 0*h**2 + 12*h - h**n - 5*h. List the prime factors of a(6).
2, 3
Let b = 250 - 4. Suppose 5*a - b = -a. List the prime factors of a.
41
Let f(d) = -89*d - 77. What are the prime factors of f(-2)?
101
Suppose 13*j + 76 = 9*j. Let y = 26 + j. List the prime factors of y.
7
Let t = -40 - -44. Suppose 0 = -2*l - l + 6. Suppose -t*h + 3*h + 4*i + 16 = 0, l*i = -h + 16. What are the prime factors of h?
2
Suppose -2*l - 56 + 306 = 0. Suppose g - 121 = -5*s + 174, 2*s - g = l. List the prime factors of s.
2, 3, 5
Suppose 0 = 4*q - 313 - 683. Suppose -q = b - 2*b. What are the prime factors of b?
3, 83
Let v be ((-7)/3)/((-2)/12). Suppose 8*m + v = 10*m. List the prime factors of m.
7
Let c = 24 - 26. What are the prime factors of 4 + (-50 + c)/(-4)?
17
Suppose -2 - 2 = 2*v. Let d(m) = -9*m + 2. Let g be d(v). Suppose -4*j = -g - 68. List the prime factors of j.
2, 11
Let c = -831 - -1330. Suppose 4*l + 351 = 3*j, -3*l + 8*l = -4*j + c. What are the prime factors of j?
11
Let m = -10 - -10. Suppose 255 = -m*g - 5*g. Let p = -24 - g. What are the prime factors of p?
3
Suppose n = -0*n - 342. What are the prime factors of (n/4)/(36/(-48))?
2, 3, 19
Let p(m) = -387*m - 32. List the prime factors of p(-6).
2, 5, 229
Let i be 6/33 - (-84)/22. Suppose -4*o - 4*u + 88 = 0, 5*o - 3*u = -i*u + 106. List the prime factors of o.
3, 7
Suppose 0 = -3*b + 4290 - 1176. What are the prime factors of b?
2, 3, 173
Let l(u) = -u**2 + 25*u + 139. What are the prime factors of l(29)?
23
List the prime factors of (-1 - -3)/(39/23478) + -1.
3, 401
List the prime factors of 15 + -19 - (-116 + 0 + -1).
113
Let u = -23 - -12. What are the prime factors of 156/1 - (u + 15) - 2?
2, 3, 5
Suppose 952 = -9*w + 43*w. What are the prime factors of w?
2, 7
List the prime factors of 6*((-1925)/(-14) - -2).
3, 31
Let i(c) = -4 + c**3 - c + 12 + 16 + 2*c**2. What are the prime factors of i(0)?
2, 3
Suppose 2*l = -3*w + 9157, -5*l + 13147 = w - 9739. What are the prime factors of l?
23, 199
Let x(m) = -2*m**3 - 36*m**2 + 32*m - 40. List the prime factors of x(-19).
2, 37
Suppose -482*k + 3672 = -476*k. What are the prime factors of k?
2, 3, 17
Suppose 3*n - 3 = -v + 6, 0 = 3*v - 3*n + 21. Let t be v/(-9) + 4/(-12). Suppose -s = d - 8, -2*s + t = -d - 13. What are the prime factors of s?
7
Suppose -3*n = -1168 - 7217. What are the prime factors of n?
5, 13, 43
Let m be ((-2)/3)/(4*2/(-108)). What are the prime factors of 267/m + (-9)/(-27)?
2, 3, 5
Suppose 9*k - 16 = k. Suppose -5*z + k*t + 176 = 0, 0 = -z + 3*t + 49 - 19. What are the prime factors of z?
2, 3
Suppose 7*l - 5267 = 3392. What are the prime factors of l?
1237
Suppose -24*x + 23220 = 6*x. What are the prime factors of x?
2, 3, 43
Let u(m) = m**2 - 5*m - 18. Let n = 16 + -7. Let x be u(n). Suppose i - d - 9 = 0, 2*i - 2*d = 4*i - x. List the prime factors of i.
3
Suppose 3*s + f = 1583, 3*s + 1046 = 5*s + 3*f. What are the prime factors of s?
23
Suppose 10 - 5 = 5*x. Suppose 3 = 2*y - x. Suppose 36 = -y*n + 6*n. List the prime factors of n.
3
Suppose k + k = -14. Let y(o) = o - 3. Let s be y(k). List the prime factors of 5*s*(-4)/10.
2, 5
Suppose 4 = -t + 5*r, 2*r - 1 = 3*t - 2*t. Suppose 5*j = t + 4. List the prime factors of 12 - j/((-3)/(-6)).
2, 5
Let i = -173 - 61. Let n = -115 - i. List the prime factors of n.
7, 17
Let s(w) = -338*w**3 + w**2 + 3*w + 3. List the prime factors of s(-1).
3, 113
Suppose 2*g - 3*z = -0*g + 2609, 0 = -5*g + z + 6555. What are the prime factors of g?
2, 41
Let r = -122 - -118. What are the prime factors of 1*(-2 + (r - -240))?
2, 3, 13
Suppose 6*b = 1321 + 83. List the prime factors of b.
2, 3, 13
Suppose 12 = -2*b + b. Let l be (-1)/3*(-3 + b). List the prime factors of ((-80)/50)/((-1)/l).
2
What are the prime factors of (-1644)/(-8)*-4*3/(-6)?
3, 137
Let l(o) = -2*o**3 + o**2 + 14*o + 7. Let i be l(-4). Suppose 4*y + 5*x = 765, y - 284 + i = -2*x. List the prime factors of y.
3, 5, 13
Let x = 30 + -33. List the prime factors of (-1)/x*(-8 - -110).
2, 17
List the prime factors of (130/78)/(1/2643).
5, 881
Let o(d) = -11*d + 3 + d**3 - 3 + 9 + 20*d + 10*d**2. What are the prime factors of o(-8)?
5, 13
Let w be 387/6*64/24. Let a = w + -131. List the prime factors of a.
41
Suppose 0 = -n + 47*x - 45*x + 878, 0 = 2*n + 5*x - 1738. What are the prime factors of n?
2, 19, 23
Let x = -11 - -17. Suppose 2*y + 167 = 5*w, 7*w - 4*w - 109 = -y. Suppose x*m - 293 + w = 0. What are the prime factors of m?
43
Let o(m) = 2*m**2 + 4*m - 1. List the prime factors of o(3).
29
Let k(o) be the third derivative of -1/8*o**4 + 6*o**2 + 1/20*o**5 + 0 + 0*o + o**3. List the prime factors of k(3).
2, 3
List the prime factors of (8127/(-35))/(18/(-60)).
2, 3, 43
Suppose -3*q = 2*q + 5*k, q - 8